{"id":161,"date":"2020-10-30T22:40:03","date_gmt":"2020-10-30T21:40:03","guid":{"rendered":"https:\/\/maga-sanchez.es\/inmo\/?page_id=161"},"modified":"2020-10-30T23:34:38","modified_gmt":"2020-10-30T22:34:38","slug":"politica-de-privacidad","status":"publish","type":"page","link":"https:\/\/maga-sanchez.es\/inmo\/es\/politica-de-privacidad\/","title":{"rendered":"Pol\u00edtica de Privacidad"},"content":{"rendered":"\n<p>Este texto legal le da detalles de c\u00f3mo recopilamos y procesamos sus datos personales a trav\u00e9s del uso de nuestro sitio web www.maga-sanchez.es\/inmo\/, incluyendo cualquier informaci\u00f3n que pueda proporcionarnos a trav\u00e9s del sitio cuando realiza la contrataci\u00f3n de un servicio o proporciona sus datos de contacto a trav\u00e9s del formulario habilitado para tal fin.<\/p>\n\n\n\n<p>Al proporcionarnos los datos, le informamos que nuestros servicios no son posibles para aquellas personas que la normativa les impide prestar consentimiento, por lo que cuando nos remite los formularios nos garantiza que tiene la capacidad suficiente para otorgar consentimiento.<\/p>\n\n\n\n<h2 class=\"wp-block-heading\">1. Responsable del tratamiento<\/h2>\n\n\n\n<p>Datos de contacto del responsable: Rafael Sanchez Vallejo con NIF: 26809699W con domicilio en Avda. Tore Toren, n\u00ba 2 Bajo, CP 29740 Torre del Mar, M\u00e1laga, tel\u00e9fono 952540226 y correo electr\u00f3nico admon@maga-sanchez.es<\/p>\n\n\n\n<p>Rafael Sanchez Vallejo es el responsable de sus datos. (En adelante nosotros o nuestro).<\/p>\n\n\n\n<h2 class=\"wp-block-heading\">2. \u00bfQu\u00e9 datos recopilamos?<\/h2>\n\n\n\n<p>El Reglamento General de Protecci\u00f3n de Datos, nos dice que <strong>dato personal<\/strong> es toda informaci\u00f3n sobre una persona f\u00edsica identificada o identificable, es decir toda la informaci\u00f3n capaz de identificar a una persona. Esto no incluir\u00eda los datos an\u00f3nimos, ni porcentuales.<\/p>\n\n\n\n<p>En nuestra Web podemos procesar ciertos tipos de datos personales, que podr\u00e1n incluir:<\/p>\n\n\n\n<ul class=\"wp-block-list\"><li>Datos de identidad: nombre y apellidos.<\/li><li>Datos de contacto: email y tel\u00e9fono.<\/li><li>Datos de perfil: nombre de usuario y contrase\u00f1a.<\/li><\/ul>\n\n\n\n<p>No recopilamos ning\u00fan dato relativo a categor\u00edas especiales de datos personales (aquellos que desvelen su origen \u00e9tnico o racial, las opiniones pol\u00edticas, las convicciones religiosas o filos\u00f3ficas, la afiliaci\u00f3n sindical e informaci\u00f3n sobre su salud, datos gen\u00e9ticos o biom\u00e9tricos).<\/p>\n\n\n\n<p>En caso de que se le solicite recopilar datos personales por ley o seg\u00fan los t\u00e9rminos de contrataci\u00f3n entre nosotros y te niegues a facilit\u00e1rnoslos, es posible que no podamos realizar dicho contrato o prestar el servicio, debiendo comunic\u00e1rnoslo con antelaci\u00f3n.<\/p>\n\n\n\n<h2 class=\"wp-block-heading\">3 \u00bfC\u00f3mo recopilamos sus datos personales?<\/h2>\n\n\n\n<p>Los medios que usamos para recopilar datos personales son:<\/p>\n\n\n\n<ul class=\"wp-block-list\"><li><strong>A trav\u00e9s del formulario de nuestra p\u00e1gina web, a trav\u00e9s de nuestros email de contacto, por tel\u00e9fono o correo postal, cuando<\/strong><ul><li>Solicita informaci\u00f3n de nuestros servicios<\/li><li>Solicita los datos de acceso al \u00e1rea de clientes<br><br>Para asegurar la calidad de nuestro portal, tenemos que reservamos el <strong>derecho de rechazar cualquier solicitud de registro<\/strong> o bien de suspender o cancelar un registro previamente aceptado si entendemos que no cumple estos requisitos o cualquier otra ley o norma. Si esto ocurre, intentaremos exponer los motivos de nuestra decisi\u00f3n, pero no nos podemos comprometer a hacerlo en todos los casos.<\/li><\/ul><\/li><\/ul>\n\n\n\n<h2 class=\"wp-block-heading\">4. Finalidad y legitimidad para el uso de sus datos<\/h2>\n\n\n\n<p>Los usos m\u00e1s comunes de sus datos personales son:<\/p>\n\n\n\n<ul class=\"wp-block-list\"><li>Para la formalizaci\u00f3n de un contrato entre Rafael Sanchez Vallejo y usted.<\/li><li>Cuando preste su consentimiento en el tratamiento de sus datos<\/li><li>Cuando los necesitemos para dar cumplimiento a una obligaci\u00f3n legal o regulatoria<\/li><li>Cuando sea necesario para nuestro inter\u00e9s leg\u00edtimo o de un tercero.<\/li><\/ul>\n\n\n\n<p>El Usuario podr\u00e1 revocar el consentimiento prestado en cualquier momento enviando un correo a admon(arroba)maga-sanchez.es o consultando el apartado de ejercicio de derechos m\u00e1s adelante.<\/p>\n\n\n\n<p>A continuaci\u00f3n adjuntamos una tabla en la que pueden consultar las formas en las que vamos a utilizar sus datos personales y la legitimidad para su uso, adem\u00e1s de saber qu\u00e9 tipo de datos personales vamos a tratar. Podemos procesar alg\u00fan dato personal por alg\u00fan motivo legal adicional, por lo que si necesita detalles al respecto puede enviar un correo electr\u00f3nico a admon(arroba)maga-sanchez.es<\/p>\n\n\n\n<figure class=\"wp-block-table\"><table><tbody><tr><td><strong>Finalidad<\/strong><\/td><td><strong>Tipo de datos<\/strong><\/td><td><strong>Legitimidad para su tratamiento<\/strong><\/td><\/tr><tr><td>Para solicitar informaci\u00f3n a trav\u00e9s del formulario de contacto<\/td><td>\u2022 Nombre<br>\u2022 Email<br>\u2022 Tel\u00e9fono<\/td><td>Consentimiento del interesado<\/td><\/tr><tr><td>Solicita los datos de acceso al \u00e1rea de clientes<\/td><td>\u2022 Nombre<br>\u2022 Apellidos<br>\u2022 Email<\/td><td>Consentimiento del interesado<br>Cumplimiento de una obligaci\u00f3n contractual o precontractual<\/td><\/tr><tr><td>Para acceso privado a clientes<\/td><td>\u2022 Nombre de usuario<br>\u2022 Contrase\u00f1a<\/td><td>Consentimiento del interesado<br>Cumplimiento de una obligaci\u00f3n contractual o precontractual<\/td><\/tr><\/tbody><\/table><\/figure>\n\n\n\n<p><strong>Finalidad<\/strong>: s\u00f3lo utilizaremos sus datos para los fines para los que los recopilamos, a menos que consideremos razonablemente que debemos usarlo para otro motivo, notific\u00e1ndoselo previamente para que est\u00e9 informado del motivo legal de su procesamiento y siempre y cuando el fin sea compatible con el prop\u00f3sito original.<\/p>\n\n\n\n<p><strong>Plazo de conservaci\u00f3n<\/strong>: Se conservar\u00e1n durante el tiempo necesario para cumplir con la finalidad para la que se recabaron y para determinar las posibles responsabilidades que se pudieran derivar de dicha finalidad y del tratamiento de los datos. Ser\u00e1 de aplicaci\u00f3n lo dispuesto en las diferentes normativas respecto al plazo de conservaci\u00f3n, en lo que resulte de aplicaci\u00f3n al presente tratamiento.<\/p>\n\n\n\n<h2 class=\"wp-block-heading\">5. Sus Derechos en Protecci\u00f3n de Datos<\/h2>\n\n\n\n<p><strong>\u00bfC\u00f3mo ejercer dichos derechos?<\/strong> Los usuarios podr\u00e1n dirigir una comunicaci\u00f3n al domicilio social de Rafael Sanchez Vallejo o direcci\u00f3n de correo electr\u00f3nico admon@maga-sanchez.es, incluyendo en ambos casos fotocopia de su D.N.I u otro documento de identificaci\u00f3n similar, para solicitar el ejercicio de los siguientes derechos:<\/p>\n\n\n\n<ul class=\"wp-block-list\"><li><strong>Acceso<\/strong> a sus datos personales: podr\u00e1 preguntar a Rafael Sanchez Vallejo si est\u00e1 usando sus datos personales.<\/li><li>A solicitar su <strong>rectificaci\u00f3n<\/strong>, si no fuesen correctos, o a ejercer el <strong>derecho al olvido<\/strong> con respecto a los mismos.<\/li><li>A solicitar la <strong>limitaci\u00f3n del tratamiento<\/strong>, en este caso, solo ser\u00e1n conservados por Rafael Sanchez Vallejo para el ejercicio o defensa de reclamaciones<\/li><li>A <strong>oponerse<\/strong> a su tratamiento: Rafael Sanchez Vallejo dejar\u00e1 tratar los datos en la forma que nos indiques, salvo que por motivos leg\u00edtimos o para el ejercicio o defensa de posibles reclamaciones, estos deban seguir trat\u00e1ndose.<\/li><li>A la <strong>portabilidad<\/strong> de los datos: en caso de que quieras que sus datos sean tratados por otra firma, Rafael Sanchez Vallejo, le facilitar\u00e1 la portabilidad de sus datos al nuevo responsable.<\/li><\/ul>\n\n\n\n<p>Podr\u00e1s utilizar los modelos puestos a su disposici\u00f3n por la Agencia Espa\u00f1ola de Protecci\u00f3n de Datos, para ejercer sus anteriores derechos: <a href=\"http:\/\/www.agpd.es\/portalwebAGPD\/CanalDelCiudadano\/derechos\/principales_derchos\/index-ides-idphp.php\">Aqu\u00ed<\/a><\/p>\n\n\n\n<p>Reclamar ante la AEPD: si considera que hay un problema con la forma en que Rafael Sanchez Vallejo est\u00e1 tratando sus datos, podr\u00e1 dirigir sus reclamaciones a la autoridad de control correspondiente, siendo en Espa\u00f1a, la competente para ello: <a href=\"https:\/\/www.agpd.es\/portalwebAGPD\/index-ides-idphp.php\">Agencia Espa\u00f1ola de Protecci\u00f3n de Datos<\/a>.<\/p>\n\n\n\n<p>Es posible que tengamos que solicitarle informaci\u00f3n espec\u00edfica para ayudarnos a confirmar su identidad y garantizar su derecho a acceder a sus datos personales (o ejercer cualquier otro de los derechos mencionados anteriormente). Esto es una medida de seguridad para garantizar que los datos personales no se revelen a ninguna persona que no tenga derecho a recibirlos.<\/p>\n\n\n\n<p>Todas las solicitudes las solventamos en el plazo legal indicado 1 mes. No obstante, puede llevarnos m\u00e1s de un mes si su solicitud es particularmente compleja, o si ya ha realizado una serie de actuaciones previamente. En este caso, le notificaremos y le mantendremos actualizado.<\/p>\n\n\n\n<h2 class=\"wp-block-heading\">6. Acceso a datos personales para prestaci\u00f3n de servicios<\/h2>\n\n\n\n<p>Es posible que, en el desempe\u00f1o de nuestro trabajo, necesitemos de la ayuda de terceros (encargados de tratamiento), que solo trataran los datos para prestar el servicio contratado, y con los que disponemos de las correspondientes medidas para garantizar sus derechos:<\/p>\n\n\n\n<ul class=\"wp-block-list\"><li>Proveedores de servicios que brindan servicios de administraci\u00f3n de sistemas y tecnolog\u00eda de la informaci\u00f3n.<\/li><li>Asesores profesionales que incluyen abogados, auditores y aseguradores que brindan servicios de consultor\u00eda bancarios, legales, de seguros y de contabilidad.<\/li><\/ul>\n\n\n\n<p>Todos los encargados de tratamiento a quienes transferimos sus datos respetaran la seguridad de sus datos personales y los trataran de acuerdo al RGPD.<\/p>\n\n\n\n<p>Solo permitimos que dichos encargados traten sus datos para fines determinados y de conformidad con nuestras instrucciones. No obstante puede solicitarnos, en cumplimiento de la trasparencia un listado de quienes son estas empresas que nos prestan servicios, puede hacerlo al email: admon(arroba)maga-sanchez.es<\/p>\n\n\n\n<h2 class=\"wp-block-heading\">7. Seguridad de Datos<\/h2>\n\n\n\n<p>Hemos implementado las medidas de seguridad adecuadas para evitar que sus datos personales se pierdan accidentalmente, se usen o accedan de forma no autorizada, se modifiquen o divulguen. Adem\u00e1s, limitamos el acceso a sus datos personales a aquellos empleados, agentes contratistas y otros terceros que tengan una necesidad comercial de conocer dichos datos. Solo procesar\u00e1n sus datos personales seg\u00fan nuestras instrucciones y estar\u00e1n sujetos a un deber de confidencialidad.<\/p>\n\n\n\n<p>Hemos implementado procedimientos para tratar cualquier sospecha de violaci\u00f3n de sus datos personales y se lo notificaremos a usted y a la Autoridad de Control en caso de que ocurriera, tal como queda regulado en el RGPD en sus art\u00edculos 33 y 34, una brecha de seguridad.<\/p>\n","protected":false},"excerpt":{"rendered":"<p>Este texto legal le da detalles de c\u00f3mo recopilamos y procesamos sus datos personales a trav\u00e9s del uso de nuestro sitio web www.maga-sanchez.es\/inmo\/, incluyendo cualquier informaci\u00f3n que pueda proporcionarnos a trav\u00e9s del sitio cuando realiza la contrataci\u00f3n de un servicio o proporciona sus datos de contacto a trav\u00e9s del formulario habilitado para tal fin. Al<a class=\"more-link\" href=\"https:\/\/maga-sanchez.es\/inmo\/es\/politica-de-privacidad\/\">Ver m\u00e1s  &#10230;<\/a><\/p>\n","protected":false},"author":1,"featured_media":0,"parent":0,"menu_order":0,"comment_status":"closed","ping_status":"closed","template":"","meta":{"footnotes":""},"class_list":["post-161","page","type-page","status-publish","hentry"],"_links":{"self":[{"href":"https:\/\/maga-sanchez.es\/inmo\/wp-json\/wp\/v2\/pages\/161","targetHints":{"allow":["GET"]}}],"collection":[{"href":"https:\/\/maga-sanchez.es\/inmo\/wp-json\/wp\/v2\/pages"}],"about":[{"href":"https:\/\/maga-sanchez.es\/inmo\/wp-json\/wp\/v2\/types\/page"}],"author":[{"embeddable":true,"href":"https:\/\/maga-sanchez.es\/inmo\/wp-json\/wp\/v2\/users\/1"}],"replies":[{"embeddable":true,"href":"https:\/\/maga-sanchez.es\/inmo\/wp-json\/wp\/v2\/comments?post=161"}],"version-history":[{"count":2,"href":"https:\/\/maga-sanchez.es\/inmo\/wp-json\/wp\/v2\/pages\/161\/revisions"}],"predecessor-version":[{"id":180,"href":"https:\/\/maga-sanchez.es\/inmo\/wp-json\/wp\/v2\/pages\/161\/revisions\/180"}],"wp:attachment":[{"href":"https:\/\/maga-sanchez.es\/inmo\/wp-json\/wp\/v2\/media?parent=161"}],"curies":[{"name":"wp","href":"https:\/\/api.w.org\/{rel}","templated":true}]}}